igit of y?
3
Suppose -3*x = 7*x - 500. Let d = 52 - x. Suppose d*h - 191 = -2*h + z, 2*h - 118 = -4*z. What is the tens digit of h?
4
Let j = 24 + -19. Suppose 22 - 52 = j*m. What is the tens digit of (-3)/((-9)/m)*-11*2?
4
Suppose -i - i = -80. Suppose -2*s + 2*s - 3*l = 0, l = -4*s + 164. Let n = s - i. What is the units digit of n?
1
Suppose -a = -3*b - 6 - 4, 2*a - 2 = -3*b. Suppose -41 + 13 = -a*z. Suppose -z*d + 2*d + 475 = 0. What is the units digit of d?
5
Let t(b) = 1 + 3 - 3 - 19*b - 2 + 7*b**2 - 2*b**2. Suppose -18 = -3*g + g. What is the units digit of t(g)?
3
Let v(r) = 1441*r + 334. What is the hundreds digit of v(4)?
0
Let s = -1221 - -2268. Let u = s + -731. What is the tens digit of u?
1
Suppose 0 = -38*h - 10*h - 9*h + 46626. What is the tens digit of h?
1
What is the units digit of (144/(-32))/((-36)/33024)?
8
Suppose -7*m = 12 - 40. Suppose -3*w + 201 = -3*h, -m*w - 11*h = -9*h - 256. What is the units digit of w?
5
Suppose 4*k - 25659 = -5*q, 78*k + 20556 = 4*q + 74*k. What is the tens digit of q?
3
Let t(b) = -677*b + 713. What is the thousands digit of t(-7)?
5
Let r be 2 + 0 - -1*(-2 + 330). Suppose 4*f = -y + 305, -5*y + f = -4*y - r. Let t = -186 + y. What is the units digit of t?
9
Let i(k) = 644*k**2 + 122*k + 1067. What is the thousands digit of i(-8)?
1
Suppose 2*v + 11 = 17. What is the units digit of v - -459 - 0 - (0 - -5)?
7
Let n = 4 - 8. Let o = 23 + n. What is the units digit of (-4 + 2 - -3)*o?
9
Let w(q) = 204*q**2 + 26*q + 294. What is the thousands digit of w(-6)?
7
Let j(k) = -327*k + 126. What is the thousands digit of j(-27)?
8
Let d(m) be the second derivative of m**4/12 + 7*m**3/2 + 26*m**2 - 17*m - 10. What is the units digit of d(14)?
2
Let k(n) = 86*n + 9. Suppose -2*q - 5 = -11. What is the hundreds digit of k(q)?
2
Let k(h) = -14*h**2 + 2*h + 28. Let w be k(-4). Let q(r) = 8*r + 6. Let p be q(-7). What is the units digit of (w/10)/(10/p)?
2
Suppose -4*t - 25 = -9*t. Suppose -5 = 2*s + t. What is the tens digit of (-325)/s - -2 - 4?
6
Let q = 38 - 34. Suppose 0*f - 1088 = -q*f. Suppose -16*r = -18*r + f. What is the units digit of r?
6
Suppose -3*n - 17 = -i, 0 = i - 4*n - 19 - 0. Let q be -1 - i/(-3) - 2/3. What is the units digit of (67 - 0) + -3 + q?
6
Suppose 272 = -4*x + 2*t, t - 58 - 12 = x. What is the units digit of x/((-11)/((-1100)/(-8)))?
5
Let p = 8924 - 641. What is the hundreds digit of p?
2
Suppose 6*j - 147 + 111 = 0. Suppose -3*a + h + 2356 = 0, -2*a + h = j*h - 1565. What is the hundreds digit of a?
7
Suppose -5*v = -9 + 34. What is the units digit of (-5)/((-30)/2443) - v/(-30)?
7
Suppose -15*u + 50 = -115. Suppose 0 = u*l - 10*l - 945. What is the units digit of l?
5
Let u be 14 + (2 - (2 + -2)). Let x be (-2)/7 + u/7. What is the hundreds digit of (-2)/x - (12 - 160)?
1
Let x = -749 + 1563. Let c = -182 + x. What is the tens digit of c?
3
Suppose 2*u + 3*p - 941 = 0, 6*u + 1440 = 9*u - 5*p. Suppose 2*f - 357 = u. What is the tens digit of f?
1
Let r = -29244 + 54809. What is the hundreds digit of r?
5
Let z = -839 - -839. Suppose 5*y - 18*y + 13429 = z. What is the hundreds digit of y?
0
Let v = 503 - 432. Let x = v - -153. What is the hundreds digit of x?
2
Suppose 636*f - 617*f - 191064 = 0. What is the hundreds digit of f?
0
Let l be (-44)/66 - 8/(-3). Suppose 5*r - 552 = -4*d, 0 = 2*d + l*d + 4*r - 548. What is the tens digit of d?
3
Let i(n) = 3*n**2 + 98*n - 555. What is the thousands digit of i(-129)?
6
Let l = 283 + -276. What is the tens digit of (3 + l)/1*500/10?
0
Let v(g) = 3*g**2 + 8*g + 3. Let k be v(-6). Let t = 210 - k. What is the tens digit of t?
4
Let b be (-484)/(-10) - (-4)/(-10). Suppose 5*x + 457 - 134 = 2*n, -4*x - 157 = -n. Suppose 0 = s - 2*t - b, 3*t + n = 3*s + 13. What is the units digit of s?
6
Let n = -19998 - -28112. What is the thousands digit of n?
8
Let q = -339 + 350. Let m(o) = 4*o**2 - 6*o - 26. What is the tens digit of m(q)?
9
Let t be 125905/55 - (60/(-33) - -2). Suppose 3*z - 3*x = 1377, -2*z - t = -7*z + 3*x. What is the units digit of z?
6
What is the ten thousands digit of (4/96*4)/(20/3505560)?
2
Suppose -3*o + 5*h = -19572, 0 = o - 41*h + 44*h - 6538. What is the units digit of o?
9
Let b(p) be the second derivative of 0 - p**2 + 1/12*p**4 - 5/6*p**3 - 20*p. What is the units digit of b(-6)?
4
Suppose 98*k - 82*k - 101086 - 152850 = 0. What is the thousands digit of k?
5
Let t(z) = -7*z + 74. Let h be t(8). Let i(f) = 2*f**3 - 33*f**2 - 26*f + 4. What is the units digit of i(h)?
8
Let w = -1081 - -689. Let l = -295 - w. What is the units digit of l?
7
Suppose -1173680 = 77*h - 3869912. What is the tens digit of h?
1
What is the units digit of 609 + 42/14 + -10?
2
Let w be 247 - -3*(-4 + (-32)/(-6)). Suppose 5*k + w = -p, -k = -5*p + 65 - 1190. Let h = p + 382. What is the hundreds digit of h?
1
Let c(b) = 140*b + 247. Let r be c(22). Suppose 6 = 2*w, 2*o - 5*w = 6*o - r. What is the tens digit of o?
2
Let w be (-108)/81*(8 + 1). Let i = -8 - w. Suppose 153 - 509 = -i*k. What is the tens digit of k?
8
Suppose 105*d - 894746 = 1280749. What is the thousands digit of d?
0
Let q = 23174 + -7797. What is the ten thousands digit of q?
1
What is the units digit of 4/(-18) - 161960/12*16/(-30)?
8
Let b be -1*(6 + 0) - (-6 - 0). Suppose b = -t - m + 78, 3*t = -2*m + 110 + 125. What is the tens digit of t?
7
Let f be (-8)/16*(0 + 0). Suppose n + 19 = -5*r, 5*r - 3*n = -f*n - 23. What is the hundreds digit of r/7*(-1708)/8?
1
What is the hundreds digit of (-9)/(81/45) - -853?
8
Let u(c) = 20*c**3 + 6*c - 10. Let g be u(3). Let v be (-1)/3 - 1*g/(-6). Let t = 233 - v. What is the hundreds digit of t?
1
Let t = 163 + -65. Let p = 16 + t. What is the tens digit of p?
1
Let v(s) = -213*s - 6894. What is the units digit of v(-151)?
9
Let t be (1*(-10 - -14))/((-4)/(-3454)). Suppose t = 5*a + 2*s, -a + 10*s - 9*s = -688. What is the hundreds digit of a?
6
Suppose -n = 9*n - 100. Let h be 15/n*18*11. Suppose 5*u - 304 = -0*f - 4*f, 5*u - 3*f - h = 0. What is the tens digit of u?
6
What is the hundreds digit of (2188/18)/((-80)/(-600))*12?
9
Suppose 7*q + 37002 = 2*b + 3*q, -2*q = 5*b - 92589. What is the thousands digit of b?
8
Suppose 4523*z - 4434*z - 205234 = 0. What is the hundreds digit of z?
3
Let f = 143732 - 63491. What is the hundreds digit of f?
2
Suppose 0*i - i + 27 = 5*t, 2*t = -i + 12. Suppose 6*f = -t*g + f + 3070, 5 = f. What is the hundreds digit of g?
6
Suppose -2*z - 6 - 5 = -3*j, 2*j - 5 = -z. Let v be z/((-5)/15) + 2. Suppose v*m - 2*y = 963, -2*y - 116 - 465 = -3*m. What is the tens digit of m?
9
Let h be 5 + ((-16)/(-8))/((-2)/5). Suppose -4*u = -2*w - 781 - 579, u + 2*w - 350 = h. What is the tens digit of u?
4
Let g(i) = -i**2 + 23*i - 46. Let p be g(19). Suppose -33*r = -p*r - 615. Let k = r + -91. What is the tens digit of k?
1
Let w = -2206 + 3166. Suppose -2620 = -4*q - p - 697, -2*q - 2*p = -w. What is the hundreds digit of q?
4
What is the ten thousands digit of (-1410215)/(-70) + 39/546?
2
Let a = -6102 + 35146. What is the thousands digit of a?
9
Suppose 8*m - 16955 = -i + 4*m, 2*i = 2*m + 33990. What is the units digit of i?
7
Let f(s) = 0 - 16 - 6351*s**2 - 4*s**3 + 6357*s**2. What is the tens digit of f(-4)?
3
Let r be 62/5*60/24. Let m = 62 + r. Suppose 740 = 97*x - m*x. What is the hundreds digit of x?
1
Let r = -23 + 23. Let o be (-8 + -194)/(r + 2). Let g = -95 - o. What is the units digit of g?
6
Let k(q) = -7*q**3 + 11*q**2 - 24*q - 20. What is the thousands digit of k(-5)?
1
Let t(c) = -2*c**3 + c**2. Let q(f) = -9*f**3 + 16*f**2 - 15*f - 29. Let y(z) = q(z) - 4*t(z). What is the tens digit of y(9)?
7
Let p(n) = 2*n**2 - 3. Let g(c) be the second derivative of c**4/4 + c**3/6 - 3*c**2/2 - 15*c. Let y(o) = 3*g(o) - 4*p(o). What is the units digit of y(-3)?
3
Suppose -i + 2*s = -7305, 4*i + 7284 = 5*i + 5*s. Suppose 805*l + i = 814*l. What is the hundreds digit of l?
8
Let p(n) = -11*n - 29. Let w be p(-3). Suppose 0 = 4*k - 3*a - 6302, -8*k + 7*k + 1585 = w*a. What is the tens digit of k?
7
Let t = 2154 - 1419. Let v = -15 + 18. Suppose -4*q - v*q + t = 0. What is the hundreds digit of q?
1
Let f(w) = -4*w + 20. Let z be f(13). Let o = z + 553. What is the units digit of o?
1
Let n = 246 - 66. What 